 is the units digit of x?
6
Suppose 0 = 5*o - o - 40. What is the units digit of 4/o + (-414)/(-15)?
8
Suppose 0 = 8*p - 11*p. Suppose p = -n + 1 + 1. Suppose 3*z - 16 - 11 = -n*j, 0 = 2*j - z - 15. What is the units digit of j?
9
Suppose -17 = 5*m + 18. Let b(f) be the third derivative of f**5/30 + 3*f**4/8 + 5*f**3/3 + 9*f**2. What is the units digit of b(m)?
5
Let t(z) = -7*z**3 - 8*z**2 + 2*z + 2. Let j(a) = -6*a**3 - 7*a**2 + 2*a + 2. Let x(d) = 5*j(d) - 4*t(d). Let g = -3 + 0. What is the tens digit of x(g)?
2
Let f = -65 + 66. What is the tens digit of 44/(-10)*(30/(-6))/f?
2
Suppose -3*k = -2 - 10. Suppose k*v = -v + 430. Suppose -83 = -4*z - t, -3*z + 7*t = 3*t - v. What is the tens digit of z?
2
Suppose -7*g = -9*g + 2550. What is the thousands digit of g?
1
Suppose 53756 = 47*b - 18624. What is the tens digit of b?
4
Let v be (22/33)/(2/1008). Suppose c - v = -7*c. What is the tens digit of c?
4
Let s(z) = -61*z + 80. What is the units digit of s(-16)?
6
What is the tens digit of 1/((6/8*-2)/(-873))?
8
What is the tens digit of 317 - 0 - 7/1?
1
Let q = 170 - -261. What is the units digit of q?
1
Suppose -3*j + 4 = 4*c - 16, -6 = -3*j + 3*c. Let q(f) = -156*f**3 - f. Let r be q(-1). Suppose -r - 47 = -j*w. What is the tens digit of w?
5
Let s(i) be the first derivative of -i**4/4 - 4*i**3 - 7*i**2 - 3*i + 14. What is the units digit of s(-11)?
0
Let x(d) = d**3 + 22*d**2 + 11*d + 42. What is the tens digit of x(-20)?
2
Let x = 102 - 37. Let a = x + -30. Let v = 61 - a. What is the tens digit of v?
2
Let b = 563 + -171. Suppose -2*q + 10*q = b. What is the tens digit of q?
4
Let u = 1538 + -661. What is the tens digit of u?
7
Suppose 3*l = l + 8. Suppose -l*s + 2*s = 0. Suppose s = -2*c - w + 33, -2*c + 7 + 1 = -4*w. What is the units digit of c?
4
What is the hundreds digit of (-1)/2 + (-13)/(-234)*74637?
1
Suppose -16 = -5*g - 1. Suppose -g*x - 4*d + 152 = -2*x, 2*x - 304 = 2*d. What is the hundreds digit of x?
1
Let u = 211 - 199. What is the tens digit of u?
1
Suppose 0 = 15*o - 14*o + 2. What is the tens digit of -4 - (o - 2 - 55)?
5
Let i be (1 - 1)/(-2 + 1). Suppose 9*c - 413 - 145 = i. What is the tens digit of c?
6
Let t = 9 + 3. What is the units digit of (-27 - -1)/((-4)/t)?
8
Suppose -69514 = -43*a + 107818. What is the tens digit of a?
2
Suppose -24*d + 18448 = -8*d. What is the units digit of d?
3
Suppose o = 2*o - 28. Let s = 54 - o. What is the units digit of s?
6
Let y be 2775/9 + (-2)/6. Suppose 9*q - 187 = y. What is the tens digit of q?
5
What is the units digit of ((-7)/(-2))/(9 - 13405/1490)?
3
Let c = 15 - 96. What is the units digit of 3/(c/(-6)) + (-1025)/(-45)?
3
Suppose 0 = -y - 5*u + 782, u - 3814 = -4*y - y. What is the hundreds digit of y?
7
Suppose 8 = 9*l - 7*l. What is the hundreds digit of (l + -3 + -2)*(-110 - 1)?
1
Suppose 1197*l - 11466 = 1184*l. What is the hundreds digit of l?
8
Let a = 3459 + -1758. What is the units digit of a?
1
Let q(u) = 2*u**2 - 17*u - 4. What is the hundreds digit of q(13)?
1
Let s be ((-10)/(-6))/(((-1)/(-33))/(-1)). What is the tens digit of (3 + s)*2/(-4)?
2
Let w(t) be the second derivative of 0 + t - 5/2*t**2 + 0*t**3 + 1/12*t**4. What is the units digit of w(-3)?
4
Let g be 1/(1 - (-12)/(-14)). Let b(p) = 2*p - 9. Let c be b(g). Suppose -117 - 43 = -c*x. What is the tens digit of x?
3
Let i = -71 + 73. What is the units digit of (-5790)/(-21) - i/(-7)?
6
What is the tens digit of ((-3973)/(-29))/(1 + 8/(-10))?
8
Let c = -1968 + 3255. What is the thousands digit of c?
1
Let l(r) = -13*r**2 - 60*r + 8. Let q(s) = -9*s**2 - 40*s + 5. Let w(i) = -5*l(i) + 7*q(i). What is the hundreds digit of w(-15)?
1
Let b(r) = 5*r - 36. Let v = 119 + -101. What is the units digit of b(v)?
4
Let w = 13 - 27. Let z = w + 30. Suppose -2*t + 2 = 2*x - 0, -4*x - t + z = 0. What is the units digit of x?
5
Suppose -3*i + 6*d - 3*d = 0, 10 = 3*i - d. Let y(m) = 8*m**2 - 2*m - 1. Let b be y(2). Suppose s = i*s + 2*w - 34, -2*s + b = -w. What is the units digit of s?
1
Let m be (-8)/4 + -1 + 3. Suppose 4*a - 8*a + 132 = m. What is the tens digit of a?
3
Suppose -13 + 53 = 5*q. Suppose -2*t + 16 = -q. What is the units digit of t?
2
Let v = 28 + -24. Let r be (-1 - v)*(-12)/10. Let t = 57 - r. What is the units digit of t?
1
Let k(x) = -x**3 + 6*x**2 - x - 3. Let h = 11 + -15. Let w be 1*(-4 - -3)*h. What is the units digit of k(w)?
5
Let j = -219 - -669. Suppose -5*n = -5*c - j, -8*n + 4*n + 5*c = -365. What is the tens digit of n?
8
Suppose -o - 2*o - 2*g + 106976 = 0, 4*o - g - 142653 = 0. What is the units digit of o/154 - 4/7?
1
Let h(z) = 2*z + 5. Let t(q) = -q**2 + 3. Let l be t(5). Let m = l + 33. What is the tens digit of h(m)?
2
Let t = 34 + 128. What is the tens digit of t?
6
Let v = 874 + -541. Suppose -7*g + 213 = -v. Let s = 125 - g. What is the tens digit of s?
4
Suppose 56 = -5*p + 3*p. Let b = 31 - p. Let u = b - 30. What is the tens digit of u?
2
Let x(o) = 41*o**2 - 2*o + 1. Let i = 21 + -20. What is the tens digit of x(i)?
4
Let z(r) = -r**3 + 10*r**2 + 2*r + 9. Let k(h) = -h**2 + h - 5. Let f be k(0). Let c = f + 15. What is the tens digit of z(c)?
2
Suppose 6*f = 19*f - 8463. What is the units digit of f?
1
Let m = 676 + -531. What is the tens digit of m?
4
Let c = 4144 + -2309. What is the thousands digit of c?
1
Let m = -2411 + 4961. What is the thousands digit of m?
2
Suppose 27*u = 28*u - 389. What is the units digit of u?
9
Let g(r) = -6*r**2 + 11*r - 8 + 4*r**2 + r**2. What is the tens digit of g(6)?
2
Let f = -40 + 62. Suppose -f - 2 = -3*t. What is the units digit of t?
8
Let d(p) = 169*p - 211. What is the hundreds digit of d(8)?
1
Let s = 43 - 75. Let n be (-1)/4 + (-1224)/s. Suppose 5*t = -5*x + 55, -n = -5*t - 3*x + 9. What is the units digit of t?
7
Let z = 1808 - 899. What is the hundreds digit of z?
9
Suppose -24 = -5*r + 1, 0 = 3*g + 3*r - 8811. What is the units digit of g?
2
Let t = 28 - 27. What is the tens digit of (-5148)/(-77) - t/(-7)?
6
Let h(c) be the second derivative of c**5/20 + 3*c**4/4 - c**3/2 - 7*c**2 + 7*c. What is the units digit of h(-8)?
4
Let j(w) = 2*w**3 - 9*w**2 + 54*w - 11. What is the thousands digit of j(9)?
1
What is the hundreds digit of ((-18194)/(-77))/((-1)/(-7))?
6
Let u(a) = 6*a**2 + 0*a**3 - a - 7 + a**3 + 0*a**3 + 4*a. Let h be u(-5). Suppose 0 = 4*d - 5*w - 159, -h*d + 4*w + 120 = w. What is the units digit of d?
1
What is the tens digit of 2/(-4) - (-29205)/118?
4
Suppose -5*b = -4*b. Suppose j - 5*q + 6*q - 7 = b, 4*q = 4. Suppose -36 = -2*z + 4*d, 3*d = -0*d + j. What is the tens digit of z?
2
Let g = -149 - -502. What is the units digit of g?
3
Suppose -2140 + 232 = -18*t. What is the units digit of t?
6
Let m(p) = -7*p + 2. Let d be m(-3). Let r = -24 + d. What is the units digit of (-6)/(-4)*(r + 3)?
3
Suppose -14 = 2*u + 24. Let x = 32 + u. What is the units digit of x?
3
Suppose -109*y = -106*y - 534. What is the tens digit of y?
7
Let o(p) = 17*p - 12. Let s(q) = -1. Let t(a) = -o(a) - s(a). Suppose -2*i = 4*u + 20, 4*i = -i - 20. What is the tens digit of t(u)?
6
Suppose 35*p - 3270 = 32*p + 3*y, -p = -5*y - 1074. What is the hundreds digit of p?
0
Suppose -9588 = 8*i - 59172. What is the tens digit of i?
9
Let y(b) = 21*b - 2. Let l be y(-1). Let g = 70 - l. What is the units digit of g?
3
Let b = 2787 + -1577. What is the thousands digit of b?
1
Suppose -25 = -5*n, 585 = l + 5*n - 0*n. Suppose -5*f - l = -3*i, -2*i + 152 + 248 = 2*f. What is the units digit of i?
5
Suppose -3*z + 4*z = -3*p - 7, 0 = 2*p - 5*z - 18. Let y = 72 + -79. Let j = p - y. What is the units digit of j?
6
Let m = 12573 + -8556. What is the thousands digit of m?
4
Suppose -6*u + u - i - 62 = 0, -u = -3*i + 6. Let d(l) = -l**3 - 11*l**2 + 8*l + 15. What is the tens digit of d(u)?
6
Let v = 44 - 115. Let f = 128 + v. What is the units digit of f?
7
Let d = -11 - -15. Suppose d*o + 5*m - 23 = -0*m, m = -1. Suppose o*k - 320 = 2*k. What is the units digit of k?
4
Suppose 0 = 16*p + 17*p - 46926. What is the units digit of p?
2
Suppose -2*s - 2*s + 672 = 0. Let i = s - 98. Let p = -26 + i. What is the units digit of p?
4
Let q be (1/(-7))/1 + (-1263)/(-21). Let b = q - 42. What is the tens digit of b?
1
Let b(m) = -m**2 - 9*m + 6. Let y 